{"id":439,"date":"2024-03-28T12:49:51","date_gmt":"2024-03-28T11:49:51","guid":{"rendered":"https:\/\/lasolive.fr\/?page_id=439"},"modified":"2025-09-17T14:50:47","modified_gmt":"2025-09-17T12:50:47","slug":"dates","status":"publish","type":"page","link":"https:\/\/lasolive.fr\/index.php\/dates\/","title":{"rendered":"Dates"},"content":{"rendered":"\n<div class=\"wp-block-group has-black-background-color has-background\"><div class=\"wp-block-group__inner-container is-layout-constrained wp-block-group-is-layout-constrained\">\n<p class=\"has-nv-site-bg-color has-text-color has-link-color wp-elements-245bb1174cfe9092e31d83a2b782e000\"><strong>SEPTEMBRE 2025<\/strong><\/p>\n\n\n\n<ul class=\"wp-block-list\">\n<li class=\"has-nv-site-bg-color has-text-color has-link-color wp-elements-14b28e618d9c24e3f3283b78a1d63733\">20 septembre : Bal des journ\u00e9es du patrimoine, Palais du Rhin, Strasbourg<\/li>\n\n\n\n<li class=\"has-nv-site-bg-color has-text-color has-link-color wp-elements-0a143b174e64b4ba29b101d2bf1600aa\">27 septembre : animation musicale de la Solive en duo (priv\u00e9)<\/li>\n<\/ul>\n\n\n\n<p class=\"has-nv-site-bg-color has-text-color has-link-color wp-elements-31489faf0093bbe4104628bf3f0f198f\"><strong>AOUT 2025<\/strong><\/p>\n\n\n\n<ul class=\"wp-block-list\">\n<li class=\"has-nv-site-bg-color has-text-color has-link-color wp-elements-93ab9230d04f1cf495ba599342f4b449\">10 ao\u00fbt : Bal \u00e0 H\u00e9licoop, Senones (88)<\/li>\n<\/ul>\n\n\n\n<p class=\"has-nv-site-bg-color has-text-color has-link-color wp-elements-4d0e06d63b5a9170c3020004402a8c58\"><strong>MAI 2025<\/strong><\/p>\n\n\n\n<ul class=\"wp-block-list\">\n<li class=\"has-nv-site-bg-color has-text-color has-link-color wp-elements-7a54d1cba4f067067e5df68af37f4185\">13 mai : bal avec les \u00e9l\u00e8ves des \u00e9coles d&rsquo;Ingwiller et de La Petite Pierre (67)<\/li>\n\n\n\n<li class=\"has-nv-site-bg-color has-text-color has-link-color wp-elements-5f46e49312731fff8bd8f648a9906cdb\">24 mai : bal \u00e0 Attigny (08)<\/li>\n<\/ul>\n\n\n\n<p class=\"has-nv-site-bg-color has-text-color has-link-color wp-elements-dde998d4a3858d9b208387f0a054c2e9\"><strong>FEVRIER 2025<\/strong><br><\/p>\n\n\n\n<ul class=\"wp-block-list\">\n<li class=\"has-nv-site-bg-color has-text-color has-link-color wp-elements-dbee081421b972bc071e64ea0fa148cb\">4 et 6 : Bals aux coll\u00e8ges de Hesdin et de Samer (62)<\/li>\n\n\n\n<li class=\"has-nv-site-bg-color has-text-color has-link-color wp-elements-4573909577bc6be1452f0cbe27afde89\">Concert de la Solive en duo \u00e0 Lille (priv\u00e9)<\/li>\n<\/ul>\n\n\n\n<p class=\"has-text-align-left has-nv-text-dark-bg-color has-text-color has-link-color wp-elements-e9a2b31259e282307c076983f4b55ce9\"><strong>NOVEMBRE 2024<\/strong><\/p>\n\n\n\n<ul class=\"wp-block-list\">\n<li class=\"has-nv-text-dark-bg-color has-text-color has-link-color wp-elements-adde182050561c9fcfce039c51389bbf\">9 novembre : bal \u00e0 Bar-Le-Duc<\/li>\n<\/ul>\n\n\n\n<p class=\"has-nv-text-dark-bg-color has-black-background-color has-text-color has-background has-link-color wp-elements-d971bf078f862d0b226055f8803b1a52\"><strong>SEPTEMBRE 2024<\/strong><\/p>\n\n\n\n<ul class=\"wp-block-list has-black-background-color has-background\">\n<li class=\"has-nv-text-dark-bg-color has-text-color has-link-color wp-elements-2446e839e41147d8d720a6eb171d5a21\">21 septembre&nbsp;: bal \u00e0 la DRAC, Strasbourg (67)<\/li>\n\n\n\n<li class=\"has-nv-text-dark-bg-color has-text-color has-link-color wp-elements-c40e0b6b9bd7b1f70135ccd07cd5bb80\">22 septembre&nbsp;: bal au festival Sans voiture Simone, Strasbourg (67)<\/li>\n<\/ul>\n\n\n\n<div class=\"wp-block-group has-black-background-color has-background\"><div class=\"wp-block-group__inner-container is-layout-constrained wp-block-group-is-layout-constrained\">\n<div class=\"wp-block-group\"><div class=\"wp-block-group__inner-container is-layout-constrained wp-block-group-is-layout-constrained\">\n<p class=\"has-nv-text-dark-bg-color has-black-background-color has-text-color has-background has-link-color wp-elements-1471ab2b2249fe8c81fbeac85636940a\"><strong>JUIN 2024<\/strong><\/p>\n\n\n\n<ul class=\"wp-block-list has-black-background-color has-background\">\n<li class=\"has-nv-text-dark-bg-color has-text-color has-link-color wp-elements-eda79aaaf0ebfd64e8d143c0ab1d08a7\">28 mai : bal \u00e0 S\u00e9lestat (67)<\/li>\n\n\n\n<li class=\"has-nv-text-dark-bg-color has-text-color has-link-color wp-elements-905c2040ee4101cdc602bc53f07b2571\">8 juin : atelier et bal \u00e0 la Mironde, Gundershoffen (67) <\/li>\n<\/ul>\n<\/div><\/div>\n<\/div><\/div>\n\n\n\n<p class=\"has-nv-text-dark-bg-color has-black-background-color has-text-color has-background has-link-color wp-elements-0910ba59459451e7b507b3abcc83ff43\"><strong>MAI 2024<\/strong><\/p>\n\n\n\n<ul class=\"wp-block-list has-black-background-color has-background\">\n<li class=\"has-nv-text-dark-bg-color has-text-color has-link-color wp-elements-b207234c18ab073aa18688387d5e7671\">25 mai&nbsp;: bal \u00e0 Erstein (67)<\/li>\n\n\n\n<li class=\"has-nv-text-dark-bg-color has-text-color has-link-color wp-elements-f9a25cd3b96bc0660894900b29f33d7d\">18 mai&nbsp;: Bal pour le festival du bilinguisme, Strasbourg (67)<\/li>\n\n\n\n<li class=\"has-nv-text-dark-bg-color has-text-color has-link-color wp-elements-774093ee8c5678d28b491d215f182642\">10 mai : Bal \u00e0 la foire \u00e9co-bio de Colmar (68)<\/li>\n<\/ul>\n\n\n\n<p class=\"has-nv-text-dark-bg-color has-black-background-color has-text-color has-background has-link-color wp-elements-dbac13c8c49156a99997c0de19a001a6\"><strong>MARS 2024<\/strong><\/p>\n\n\n\n<ul class=\"wp-block-list has-black-background-color has-background\">\n<li class=\"has-nv-text-dark-bg-color has-text-color has-link-color wp-elements-24bd433d307b968cb952484f72dcf793\">16 mars&nbsp;: projet \u00e9cole de musique de p\u00f4le sud, Strasbourg (67)<\/li>\n\n\n\n<li class=\"has-nv-text-dark-bg-color has-text-color has-link-color wp-elements-01de7a7e2d40a97995c384fcc4d9e3c3\">10 mars : projet \u00e9cole de musique P\u00f4le Sud, Strasbourg (67)<\/li>\n<\/ul>\n\n\n\n<p class=\"has-nv-text-dark-bg-color has-black-background-color has-text-color has-background has-link-color wp-elements-f803f25a14c8e118297f1053bf2ad21e\"><strong>F\u00c9VRIER 2024<\/strong><\/p>\n\n\n\n<ul class=\"wp-block-list has-black-background-color has-background\">\n<li class=\"has-nv-text-dark-bg-color has-text-color has-link-color wp-elements-e00eb0f2cdba86cec574eb475a20eae9\">17 f\u00e9vrier&nbsp;: bal au festival des Violons de Luzy (58)<\/li>\n\n\n\n<li class=\"has-nv-text-dark-bg-color has-text-color has-link-color wp-elements-a74b832f7f9a1e04dd8091a789fafe60\">15 f\u00e9vrier : coll\u00e8ge de Hesdin (62)<\/li>\n<\/ul>\n\n\n\n<p class=\"has-nv-text-dark-bg-color has-black-background-color has-text-color has-background has-link-color wp-elements-b0effa18e61a52362fa1429eb1739557\"><strong>JANVIER 2024<\/strong><\/p>\n\n\n\n<ul class=\"wp-block-list has-black-background-color has-background\">\n<li class=\"has-nv-text-dark-bg-color has-text-color has-link-color wp-elements-b4bf2e8a57cf7c42922d012cd70728c9\">24 janvier&nbsp;: bal pour l\u2019association Ariena (67)<\/li>\n\n\n\n<li class=\"has-nv-text-dark-bg-color has-text-color has-link-color wp-elements-48f88667390b4dccaee45ffa953b32b7\">6 janvier : animation pour un mariage (67)<\/li>\n<\/ul>\n\n\n\n<p class=\"has-nv-text-dark-bg-color has-black-background-color has-text-color has-background has-link-color wp-elements-6b3c3bccdc703675ad6fb4526573f91e\"><strong>D\u00c9CEMBRE&nbsp; 2023<\/strong><\/p>\n\n\n\n<ul class=\"wp-block-list has-black-background-color has-background\">\n<li class=\"has-nv-text-dark-bg-color has-text-color has-link-color wp-elements-dddeb85997b0dfdd6081d3ecf7857a19\">15 d\u00e9cembre&nbsp;: coll\u00e8ge de Samer (62)<\/li>\n<\/ul>\n\n\n\n<p class=\"has-nv-text-dark-bg-color has-black-background-color has-text-color has-background has-link-color wp-elements-501c682abc4faa564d5dc5e876379455\"><strong>SEPTEMBRE 2023<\/strong><\/p>\n\n\n\n<ul class=\"wp-block-list has-black-background-color has-background\">\n<li class=\"has-nv-text-dark-bg-color has-text-color has-link-color wp-elements-766119b2c4713096ea71586c033dcee3\">30 : concert pour l&rsquo;association Par enchantement (67)<\/li>\n\n\n\n<li class=\"has-nv-text-dark-bg-color has-text-color has-link-color wp-elements-7a2c8f2a2deb1a0163bad03884f8da2d\">21&nbsp;: animation pour un mariage (67)<\/li>\n\n\n\n<li class=\"has-nv-text-dark-bg-color has-text-color has-link-color wp-elements-11673f17b245d2ffa573aeb2ddb23f7b\">16 septembre : Bal \u00e0 la Drac, Palais du Rhin , Strasbourg (67)<\/li>\n<\/ul>\n\n\n\n<p class=\"has-nv-text-dark-bg-color has-black-background-color has-text-color has-background has-link-color wp-elements-18e39aa5c337f5b6758723fbfb93675b\"><strong>AO\u00dbT 2023<\/strong> (TOURN\u00c9E AU QU\u00c9BEC)<\/p>\n\n\n\n<ul class=\"wp-block-list has-black-background-color has-background\">\n<li class=\"has-nv-text-dark-bg-color has-text-color has-link-color wp-elements-79c10590f8f53db4c034f2640dbcd0e8\">26 ao\u00fbt : Grand Bal Folk du Qu\u00e9bec, Hatley, QC J0B 4B0<\/li>\n\n\n\n<li class=\"has-nv-text-dark-bg-color has-text-color has-link-color wp-elements-fdf8df0d2cd5407fc543c91a4ca535ea\">25 ao\u00fbt : bal au Grand Bal  Folk du Qu\u00e9bec, Hatley, QC J0B 4B0<\/li>\n\n\n\n<li class=\"has-nv-text-dark-bg-color has-text-color has-link-color wp-elements-28d68b05665de73d828c112bc918358c\">23 ao\u00fbt : atelier de danse, Bal Folk Montr\u00e9al, Qu\u00e9bec<\/li>\n\n\n\n<li class=\"has-nv-text-dark-bg-color has-text-color has-link-color wp-elements-a7991054d7c1ab744d2ba704957aa7df\">19 ao\u00fbt : atelier et bal au Festival des Violons Trad de Suttons, Qu\u00e9bec<\/li>\n\n\n\n<li class=\"has-nv-text-dark-bg-color has-text-color has-link-color wp-elements-0f61c3de3857fe7ec343047d6a286cd2\">Bar \u00e0 Piton, Chicoutimi, Qu\u00e9bec<\/li>\n<\/ul>\n\n\n\n<p class=\"has-nv-text-dark-bg-color has-black-background-color has-text-color has-background has-link-color wp-elements-f62b40c5c9e82634f6197009ad2957d1\"><strong>JUILLET 2023<\/strong><\/p>\n\n\n\n<ul class=\"wp-block-list has-black-background-color has-background\">\n<li class=\"has-nv-text-dark-bg-color has-text-color has-link-color wp-elements-18a58780d9096e5f18052a2318651e2b\">24 juillet&nbsp;: animation pour mariage (67)<\/li>\n<\/ul>\n\n\n\n<p class=\"has-nv-text-dark-bg-color has-black-background-color has-text-color has-background has-link-color wp-elements-4f81bb8715c608f70ecb9525b7cf8f03\"><strong>JUIN 2023<\/strong><\/p>\n\n\n\n<ul class=\"wp-block-list has-black-background-color has-background\">\n<li class=\"has-nv-text-dark-bg-color has-text-color has-link-color wp-elements-b60513f8d62ea2eb68bb5fee456cbc33\">29 juin : coll\u00e8ge de Reichshoffen (67)<\/li>\n\n\n\n<li class=\"has-nv-text-dark-bg-color has-text-color has-link-color wp-elements-d07e1851f1c0b19922b01caa78e8e2ba\">13 juin : coll\u00e8ge de Bitche (57)<\/li>\n\n\n\n<li class=\"has-nv-text-dark-bg-color has-text-color has-link-color wp-elements-a24796a6837e22472276b3094ae2cd85\">4 juin : festival des possibles \u00e0 Strasbourg (67)<\/li>\n<\/ul>\n\n\n\n<p class=\"has-nv-text-dark-bg-color has-black-background-color has-text-color has-background has-link-color wp-elements-8a440928bdc707a03ae86380497e661c\"><strong>AVRIL 2023<\/strong><\/p>\n\n\n\n<ul class=\"wp-block-list has-black-background-color has-background\">\n<li class=\"has-nv-text-dark-bg-color has-text-color has-link-color wp-elements-6bdf86ed76f77f2fd504fd6117d5b101\">30 avril : Animation pour un anniversaire (67)<\/li>\n\n\n\n<li class=\"has-nv-text-dark-bg-color has-text-color has-link-color wp-elements-6209d73a7af6e1643e9ad9826f3032c0\">1er avril : bal folk pour l\u2019association le s\u2019Narreschiff \u00e0 Illkirch-Graffenstaden (67)<\/li>\n<\/ul>\n\n\n\n<p class=\"has-nv-text-dark-bg-color has-black-background-color has-text-color has-background has-link-color wp-elements-23317e2405b4599a25b00f6c1de005db\"><strong>MARS 2023<\/strong><\/p>\n\n\n\n<ul class=\"wp-block-list has-black-background-color has-background\">\n<li class=\"has-nv-text-dark-bg-color has-text-color has-link-color wp-elements-a7cfa0018d7d30efc6711db6da52e241\">17 mars : coll\u00e8ge de Rhinau (67)<\/li>\n\n\n\n<li class=\"has-nv-text-dark-bg-color has-text-color has-link-color wp-elements-8e22888ac8bb4326195fe1c6ff67d421\">17 mars : soir\u00e9e de restitutions \u00e9cole de musique de P\u00f4le Sud \u00e0 Strasbourg (67)&nbsp;<\/li>\n<\/ul>\n\n\n\n<p class=\"has-nv-text-dark-bg-color has-black-background-color has-text-color has-background has-link-color wp-elements-787aec3258578381a1df3cf754de5bb5\"><strong>OCTOBRE 2022<\/strong><\/p>\n\n\n\n<ul class=\"wp-block-list has-black-background-color has-background\">\n<li class=\"has-nv-text-dark-bg-color has-text-color has-link-color wp-elements-b71519aedf58423e4df31ea0a4a6d324\">1er octobre : bal folk au Lazaret \u00e0 Strasbourg (67)<\/li>\n<\/ul>\n\n\n\n<p class=\"has-nv-text-dark-bg-color has-black-background-color has-text-color has-background has-link-color wp-elements-978d506e9ad755006e6697459ab61d49\"><strong>SEPTEMBRE 2022<\/strong><\/p>\n\n\n\n<ul class=\"wp-block-list has-black-background-color has-background\">\n<li class=\"has-nv-text-dark-bg-color has-text-color has-link-color wp-elements-fc4a5bd1e7a8a126ed9cf835cb5b842b\">24 septembre : F\u00eate de la Soupe \u00e0 Sainte-Marie-aux-Mines (67)<\/li>\n\n\n\n<li class=\"has-nv-text-dark-bg-color has-text-color has-link-color wp-elements-0ba56002fdf2cd9876bfa04a6090ea40\">10 septembre : Les Sorci\u00e8res de l\u2019Est \u00e0 Thionville (57)<\/li>\n<\/ul>\n\n\n\n<p class=\"has-nv-text-dark-bg-color has-black-background-color has-text-color has-background has-link-color wp-elements-cf407f64fb36d486945c0a8b36b951dd\"><strong>AO\u00dbT 2022<\/strong><\/p>\n\n\n\n<ul class=\"wp-block-list has-black-background-color has-background\">\n<li class=\"has-nv-text-dark-bg-color has-text-color has-link-color wp-elements-3818b3f2d04eb2a4ff20ab30b3aefa89\">26 ao\u00fbt : L\u2019Avide Jardin \u00e0 Muttersholtz (67)<\/li>\n\n\n\n<li class=\"has-nv-text-dark-bg-color has-text-color has-link-color wp-elements-8fa31cc3d701367c63f6d56e6d8c9f8a\">6 ao\u00fbt : La Mine \u00e0 Dieulefit (26)<\/li>\n\n\n\n<li class=\"has-nv-text-dark-bg-color has-text-color has-link-color wp-elements-3c2de8f0cf560f1db2e4fc3977c33bee\">5 ao\u00fbt : Le Farfelien \u00e0 Gigny-sur-Sa\u00f4ne (71)<\/li>\n\n\n\n<li class=\"has-nv-text-dark-bg-color has-text-color has-link-color wp-elements-4d5e4b64d0a470a63b43ea6874b5d38c\">4 ao\u00fbt : Lons le Saunier (39) <\/li>\n<\/ul>\n\n\n\n<p class=\"has-nv-text-dark-bg-color has-black-background-color has-text-color has-background has-link-color wp-elements-49788bebbdab0be5cd2e2a715d7bb62b\"><strong>JUILLET 2022<\/strong><\/p>\n\n\n\n<ul class=\"wp-block-list has-black-background-color has-background\">\n<li class=\"has-nv-text-dark-bg-color has-text-color has-link-color wp-elements-b5e4d75ac180431c61ca6afadf49d7d9\">9 juillet : Ar\u00e7ais (79)<\/li>\n\n\n\n<li class=\"has-nv-text-dark-bg-color has-text-color has-link-color wp-elements-df80d581cd49ec9928d869c3fb07f6aa\">7 juillet : L\u2019\u00cele d\u2019Yeu (85)<\/li>\n\n\n\n<li class=\"has-nv-text-dark-bg-color has-text-color has-link-color wp-elements-89bce32b1f82590c2ae38ac5eefedd0a\">1er juillet : Blois (41)<\/li>\n<\/ul>\n\n\n\n<p class=\"has-black-background-color has-background\"><strong>ANN\u00c9E 2019\/2020<\/strong><\/p>\n\n\n\n<ul class=\"wp-block-list has-black-background-color has-background\">\n<li class=\"has-nv-text-dark-bg-color has-text-color has-link-color wp-elements-870776bbf5f1427457d19cf414fa3882\">Atelier\/Bal de contra dance am\u00e9ricaine \u00e0 l&rsquo;espace Nootoos \u00e0 Strasbourg (67)<\/li>\n<\/ul>\n<\/div><\/div>\n","protected":false},"excerpt":{"rendered":"<p>SEPTEMBRE 2025 AOUT 2025 MAI 2025 FEVRIER 2025 NOVEMBRE 2024 SEPTEMBRE 2024 JUIN 2024 MAI 2024 MARS 2024 F\u00c9VRIER 2024 JANVIER 2024 D\u00c9CEMBRE&nbsp; 2023 SEPTEMBRE 2023 AO\u00dbT 2023 (TOURN\u00c9E AU QU\u00c9BEC) JUILLET 2023 JUIN 2023 AVRIL 2023 MARS 2023 OCTOBRE 2022 SEPTEMBRE 2022 AO\u00dbT 2022 JUILLET 2022 ANN\u00c9E 2019\/2020<\/p>\n","protected":false},"author":1,"featured_media":0,"parent":0,"menu_order":0,"comment_status":"closed","ping_status":"closed","template":"","meta":{"neve_meta_sidebar":"full-width","neve_meta_container":"","neve_meta_enable_content_width":"on","neve_meta_content_width":100,"neve_meta_title_alignment":"","neve_meta_author_avatar":"","neve_post_elements_order":"","neve_meta_disable_header":"","neve_meta_disable_footer":"","neve_meta_disable_title":"","footnotes":""},"class_list":["post-439","page","type-page","status-publish","hentry"],"_links":{"self":[{"href":"https:\/\/lasolive.fr\/index.php\/wp-json\/wp\/v2\/pages\/439","targetHints":{"allow":["GET"]}}],"collection":[{"href":"https:\/\/lasolive.fr\/index.php\/wp-json\/wp\/v2\/pages"}],"about":[{"href":"https:\/\/lasolive.fr\/index.php\/wp-json\/wp\/v2\/types\/page"}],"author":[{"embeddable":true,"href":"https:\/\/lasolive.fr\/index.php\/wp-json\/wp\/v2\/users\/1"}],"replies":[{"embeddable":true,"href":"https:\/\/lasolive.fr\/index.php\/wp-json\/wp\/v2\/comments?post=439"}],"version-history":[{"count":24,"href":"https:\/\/lasolive.fr\/index.php\/wp-json\/wp\/v2\/pages\/439\/revisions"}],"predecessor-version":[{"id":557,"href":"https:\/\/lasolive.fr\/index.php\/wp-json\/wp\/v2\/pages\/439\/revisions\/557"}],"wp:attachment":[{"href":"https:\/\/lasolive.fr\/index.php\/wp-json\/wp\/v2\/media?parent=439"}],"curies":[{"name":"wp","href":"https:\/\/api.w.org\/{rel}","templated":true}]}}